{"id":1001,"date":"2017-10-18T07:18:08","date_gmt":"2017-10-18T07:18:08","guid":{"rendered":"http:\/\/www.familienforschung-hein.de\/?page_id=1001"},"modified":"2022-03-31T14:17:22","modified_gmt":"2022-03-31T14:17:22","slug":"familie-koslowski","status":"publish","type":"page","link":"https:\/\/www.familienforschung-hein.de\/index.php\/familien-aus-ostpreussen\/familie-koslowski\/","title":{"rendered":"Familie Koslowski"},"content":{"rendered":"<p>Johann Koslowski ist mein direkter Vorfahre (Ur-,\u00a0 Ur-, Ur-, Ur-, Ur-Gro\u00dfvater).<br \/>\nDie Familie war \u00fcberwiegend in und um Mittelgut im ehemaligen Kreis Osterode\/Ostpreu\u00dfen ans\u00e4ssig.<\/p>\n<p>Die Nachforschungen gestalteten sich zu Beginn etwas schwierig, da der Name Koslowski sehr h\u00e4ufig war in Ostpreussen. Er ist heute noch in Polen weitverbreitet und die Nachkommen ostpreussischen Koslowskis sind sehr zahlreich auch im heutigen Ruhrgebiet anzutreffen.<\/p>\n<p>F\u00fcr meinen eigenen Familienzweig endete der Familienname im Fr\u00fchjahr 1939, als mein Gro\u00dfvater Otto, Albert Koslowski den Familiennamen arisieren liess. \u00dcber die Beweggr\u00fcnde und wie es zu dem neuen Namen kam wurde in der Familie nie gesprochen. Mein Vater trug nun den neuen Familiennamen Hein. Ich bin damit ein Hein aus dem Stamme Koslowski. \ud83d\ude42<\/p>\n<p>Bei den Vorfahren finden wir Verbindungen zu folgenden Familien in Ostpreussen<br \/>\nLuka, Mitruszewski, Behrend, Czarnecki,<\/p>\n<p>Zu den Nachkommen und Eingeheirateten geh\u00f6ren die Familien<br \/>\n<a href=\"http:\/\/www.familienforschung-hein.de\/index.php\/familien-aus-ostpreussen\/familie-rettkowski\/\" target=\"_blank\" rel=\"noopener noreferrer\">Rettkowski<\/a>, B\u00f6hm, Badziong, Kniffka, Burchert, Schikowski, Schimmelpfennig, <a href=\"http:\/\/www.familienforschung-hein.de\/index.php\/familien-aus-ostpreussen\/nachkommen-des-johann-striewski\/\" target=\"_blank\" rel=\"noopener noreferrer\">Striewski- sp\u00e4ter Steiner<\/a><\/p>\n<p><a href=\"http:\/\/www.familienforschung-hein.de\/wp-content\/uploads\/2017\/10\/Nachkommen-Daniel-Koslowski-Passw.pdf\">Nachkommen Johann Koslowski<\/a><\/p>\n","protected":false},"excerpt":{"rendered":"<p>Johann Koslowski ist mein direkter Vorfahre (Ur-,\u00a0 Ur-, Ur-, Ur-, Ur-Gro\u00dfvater). Die Familie war \u00fcberwiegend in und um Mittelgut im ehemaligen Kreis Osterode\/Ostpreu\u00dfen ans\u00e4ssig. Die Nachforschungen gestalteten sich zu Beginn etwas schwierig, da der Name Koslowski sehr h\u00e4ufig war in Ostpreussen. Er ist heute noch in Polen weitverbreitet und die Nachkommen ostpreussischen Koslowskis sind sehr [&hellip;]<\/p>\n","protected":false},"author":2,"featured_media":0,"parent":655,"menu_order":0,"comment_status":"closed","ping_status":"closed","template":"","meta":[],"_links":{"self":[{"href":"https:\/\/www.familienforschung-hein.de\/index.php\/wp-json\/wp\/v2\/pages\/1001"}],"collection":[{"href":"https:\/\/www.familienforschung-hein.de\/index.php\/wp-json\/wp\/v2\/pages"}],"about":[{"href":"https:\/\/www.familienforschung-hein.de\/index.php\/wp-json\/wp\/v2\/types\/page"}],"author":[{"embeddable":true,"href":"https:\/\/www.familienforschung-hein.de\/index.php\/wp-json\/wp\/v2\/users\/2"}],"replies":[{"embeddable":true,"href":"https:\/\/www.familienforschung-hein.de\/index.php\/wp-json\/wp\/v2\/comments?post=1001"}],"version-history":[{"count":8,"href":"https:\/\/www.familienforschung-hein.de\/index.php\/wp-json\/wp\/v2\/pages\/1001\/revisions"}],"predecessor-version":[{"id":1554,"href":"https:\/\/www.familienforschung-hein.de\/index.php\/wp-json\/wp\/v2\/pages\/1001\/revisions\/1554"}],"up":[{"embeddable":true,"href":"https:\/\/www.familienforschung-hein.de\/index.php\/wp-json\/wp\/v2\/pages\/655"}],"wp:attachment":[{"href":"https:\/\/www.familienforschung-hein.de\/index.php\/wp-json\/wp\/v2\/media?parent=1001"}],"curies":[{"name":"wp","href":"https:\/\/api.w.org\/{rel}","templated":true}]}}