{"id":1309,"date":"2017-11-03T15:19:50","date_gmt":"2017-11-03T15:19:50","guid":{"rendered":"http:\/\/www.familienforschung-hein.de\/?page_id=1309"},"modified":"2017-11-08T11:04:44","modified_gmt":"2017-11-08T11:04:44","slug":"familie-strecker","status":"publish","type":"page","link":"https:\/\/www.familienforschung-hein.de\/index.php\/familien-aus-dem-eichsfeld\/familie-strecker\/","title":{"rendered":"Familie Strecker"},"content":{"rendered":"<p>Die Familie Strecker ist eine Nebenlinie, welche direkt mit meinen Vorfahren der Familie Lerch in Wachstedt verbunden ist. Die Familie ist gro\u00dfteils in Dingelst\u00e4dt ans\u00e4ssig gewesen.<\/p>\n<p>Zur Familie Strecker geh\u00f6ren die Familien<br \/>\nGrosse, Opfermann, <a href=\"http:\/\/www.familienforschung-hein.de\/index.php\/familien-aus-dem-eichsfeld\/familie-ziegenfuss\/\" target=\"_blank\" rel=\"noopener noreferrer\">Ziegenfuss<\/a><\/p>\n<p><a href=\"http:\/\/www.familienforschung-hein.de\/wp-content\/uploads\/2017\/11\/Nachkommen-Gregor-Strecker-Passw.pdf\">Nachkommen Gregor Strecker d. \u00c4ltere<\/a><\/p>\n","protected":false},"excerpt":{"rendered":"<p>Die Familie Strecker ist eine Nebenlinie, welche direkt mit meinen Vorfahren der Familie Lerch in Wachstedt verbunden ist. Die Familie ist gro\u00dfteils in Dingelst\u00e4dt ans\u00e4ssig gewesen. Zur Familie Strecker geh\u00f6ren die Familien Grosse, Opfermann, Ziegenfuss Nachkommen Gregor Strecker d. \u00c4ltere<\/p>\n","protected":false},"author":2,"featured_media":0,"parent":614,"menu_order":0,"comment_status":"closed","ping_status":"closed","template":"","meta":[],"_links":{"self":[{"href":"https:\/\/www.familienforschung-hein.de\/index.php\/wp-json\/wp\/v2\/pages\/1309"}],"collection":[{"href":"https:\/\/www.familienforschung-hein.de\/index.php\/wp-json\/wp\/v2\/pages"}],"about":[{"href":"https:\/\/www.familienforschung-hein.de\/index.php\/wp-json\/wp\/v2\/types\/page"}],"author":[{"embeddable":true,"href":"https:\/\/www.familienforschung-hein.de\/index.php\/wp-json\/wp\/v2\/users\/2"}],"replies":[{"embeddable":true,"href":"https:\/\/www.familienforschung-hein.de\/index.php\/wp-json\/wp\/v2\/comments?post=1309"}],"version-history":[{"count":3,"href":"https:\/\/www.familienforschung-hein.de\/index.php\/wp-json\/wp\/v2\/pages\/1309\/revisions"}],"predecessor-version":[{"id":1417,"href":"https:\/\/www.familienforschung-hein.de\/index.php\/wp-json\/wp\/v2\/pages\/1309\/revisions\/1417"}],"up":[{"embeddable":true,"href":"https:\/\/www.familienforschung-hein.de\/index.php\/wp-json\/wp\/v2\/pages\/614"}],"wp:attachment":[{"href":"https:\/\/www.familienforschung-hein.de\/index.php\/wp-json\/wp\/v2\/media?parent=1309"}],"curies":[{"name":"wp","href":"https:\/\/api.w.org\/{rel}","templated":true}]}}