{"id":1337,"date":"2017-11-04T11:04:56","date_gmt":"2017-11-04T11:04:56","guid":{"rendered":"http:\/\/www.familienforschung-hein.de\/?page_id=1337"},"modified":"2019-01-09T14:15:13","modified_gmt":"2019-01-09T14:15:13","slug":"familie-koerner","status":"publish","type":"page","link":"https:\/\/www.familienforschung-hein.de\/index.php\/familien-aus-dem-eichsfeld\/familie-koerner\/","title":{"rendered":"Familie K\u00f6rner"},"content":{"rendered":"<p>Die Familie K\u00f6rner ist eine direkte Vorfahrenlinie meines Familienstammbaumes aus dem Eichsfeld. Auch sie geh\u00f6rt zu den alten Familien in Wachstedt. Die zahlreichen Nachkommen sind mit vielen anderen Familien aus dem Eichsfeld verwandt und so ergeben sich zahlreiche Querverbindungen.<\/p>\n<p>Zur Familie K\u00f6rner geh\u00f6ren<br \/>\n<a href=\"http:\/\/www.familienforschung-hein.de\/index.php\/familien-aus-dem-eichsfeld\/familie-diederich\/\" target=\"_blank\" rel=\"noopener noreferrer\">Diederich<\/a>, <a href=\"http:\/\/www.familienforschung-hein.de\/index.php\/familien-aus-dem-eichsfeld\/familie-lerch\/\" target=\"_blank\" rel=\"noopener noreferrer\">Lerch<\/a>, Funke, <a href=\"http:\/\/www.familienforschung-hein.de\/index.php\/familien-aus-dem-eichsfeld\/familie-linse-lins\/\" target=\"_blank\" rel=\"noopener noreferrer\">Lins<\/a>, Kalbhenn<\/p>\n<p><a href=\"http:\/\/www.familienforschung-hein.de\/wp-content\/uploads\/2019\/01\/Nachkommen-Johannes-Koerner-Passw.pdf\">Nachkommen Johannes K\u00f6rner<\/a><\/p>\n<p>&nbsp;<\/p>\n","protected":false},"excerpt":{"rendered":"<p>Die Familie K\u00f6rner ist eine direkte Vorfahrenlinie meines Familienstammbaumes aus dem Eichsfeld. Auch sie geh\u00f6rt zu den alten Familien in Wachstedt. Die zahlreichen Nachkommen sind mit vielen anderen Familien aus dem Eichsfeld verwandt und so ergeben sich zahlreiche Querverbindungen. Zur Familie K\u00f6rner geh\u00f6ren Diederich, Lerch, Funke, Lins, Kalbhenn Nachkommen Johannes K\u00f6rner &nbsp;<\/p>\n","protected":false},"author":2,"featured_media":0,"parent":614,"menu_order":0,"comment_status":"closed","ping_status":"closed","template":"","meta":[],"_links":{"self":[{"href":"https:\/\/www.familienforschung-hein.de\/index.php\/wp-json\/wp\/v2\/pages\/1337"}],"collection":[{"href":"https:\/\/www.familienforschung-hein.de\/index.php\/wp-json\/wp\/v2\/pages"}],"about":[{"href":"https:\/\/www.familienforschung-hein.de\/index.php\/wp-json\/wp\/v2\/types\/page"}],"author":[{"embeddable":true,"href":"https:\/\/www.familienforschung-hein.de\/index.php\/wp-json\/wp\/v2\/users\/2"}],"replies":[{"embeddable":true,"href":"https:\/\/www.familienforschung-hein.de\/index.php\/wp-json\/wp\/v2\/comments?post=1337"}],"version-history":[{"count":4,"href":"https:\/\/www.familienforschung-hein.de\/index.php\/wp-json\/wp\/v2\/pages\/1337\/revisions"}],"predecessor-version":[{"id":1543,"href":"https:\/\/www.familienforschung-hein.de\/index.php\/wp-json\/wp\/v2\/pages\/1337\/revisions\/1543"}],"up":[{"embeddable":true,"href":"https:\/\/www.familienforschung-hein.de\/index.php\/wp-json\/wp\/v2\/pages\/614"}],"wp:attachment":[{"href":"https:\/\/www.familienforschung-hein.de\/index.php\/wp-json\/wp\/v2\/media?parent=1337"}],"curies":[{"name":"wp","href":"https:\/\/api.w.org\/{rel}","templated":true}]}}