{"id":509,"date":"2017-04-27T06:57:18","date_gmt":"2017-04-27T06:57:18","guid":{"rendered":"http:\/\/94.100.71.62:801\/wordpress2\/?page_id=509"},"modified":"2017-10-24T14:32:00","modified_gmt":"2017-10-24T14:32:00","slug":"wo-komme-ich-her-2","status":"publish","type":"page","link":"https:\/\/www.familienforschung-hein.de\/","title":{"rendered":"Wo kommen wir her ?"},"content":{"rendered":"<h5 class=\"western\" align=\"left\">Diese Frage stellt sich wohl jeder irgendwann. <span style=\"font-size: medium;\">Vor einigen Jahren begann ich die umfangreichen Familienunterlagen meines Gro\u00dfvaters \u2013 m\u00fctterlicherseits &#8211; durchzuschauen und stellte fest, das es eine Sammlung von ca. 200 Kirchenbuch-Ausz\u00fcgen seiner Vorfahren, mehreren umfangreichen Familienzusammenstellungen und Ahnenp\u00e4sse war. Mein Gro\u00dfvater hatte bereits in den 1920er Jahren mit diesen Aufzeichnungen begonnen. Die letzten handschriftlichen Bemerkungen stammen aus dem Jahr 1967. Das war nat\u00fcrlich eine gute Ausgangslage f\u00fcr eine eigene Familienforschung.<\/span><\/h5>\n<h5 class=\"western\" align=\"left\"><span style=\"font-family: Arial, sans-serif;\"><span style=\"font-size: medium;\">Etwas schwieriger gestaltete sich die Suche nach den Vorfahren meines Vaters aus dem ehemaligen Ostpreu\u00dfen. Durch die Flucht seiner Eltern und Geschwister im Jahr 1945 sind nur sehr wenige Originaldokumente vorhanden. Aber durch die sehr gute Arbeit des Polnischen Staatsarchivs in Olsztyn (Allenstein) &#8211; <\/span><\/span><strong><span style=\"font-family: Arial, sans-serif;\"><span style=\"font-size: medium;\">Archiwum Pa\u0144stwowe w Olsztynie &#8211; <\/span><\/span><\/strong><span style=\"font-family: Arial, sans-serif;\"><span style=\"font-size: medium;\">sind in den letzten Jahren gro\u00dfe Best\u00e4nde der Personenstandsb\u00fccher aus dem Kreis Ostroda (Osterode), aus welchem die Vorfahren meines Vaters stammten, digitalisiert und online einsehbar.<\/span><\/span><\/h5>\n<h5 class=\"western\" align=\"left\"><span style=\"font-size: medium;\">Wenn wir unsere Familien in den vergangenen Jahrhunderten anschauen, wird sichtbar, das sie fast alle aus Einwanderern hervorgegangen sind. Meine fr\u00fchen Vorfahren kamen vor vielen Jahrhunderten aus Sachsen, Th\u00fcringen, aus der Oberpfalz und Oberfranken nach Mitteldeutschland. Diese L\u00e4nder waren damals alle \u201eAusland\u201c. Auch konnten drei Hugenottenfamilien ermittelt werden.<br \/>\nW\u00e4hrend einige Familienzweige hier sesshaft wurden, zogen sp\u00e4tere Generationen weiter in andere, teils weit entfernte Gebiete des heutigen Deutschlands und auch in europ\u00e4ische Nachbarstaaten. Neben wenigen Auswanderern in die USA finden sich auch ferne Ziele wie Ru\u00dfland, Indonesien und Namibia. Wanderungsbewegungen sind also kein Ph\u00e4nomen der heutigen Zeit. Es gab sie seit vielen Jahrhunderten.<\/span><\/h5>\n<h5 class=\"western\" align=\"left\"><span style=\"font-size: medium;\">Einige der fr\u00fchen Familien sind heute nicht mehr nachweisbar, teilweise weil sie \u201eim Mannesstamm ausgestorben\u201c oder \u00fcber die Ehenamen der T\u00f6chter nicht mehr zu ermitteln sind. Viele Ehen blieben auch kinderlos oder alle Kinder starben fr\u00fch.<\/span><\/h5>\n<h5 class=\"western\" align=\"left\"><span style=\"font-size: medium;\">Es war von Beginn an nicht mein Anliegen, nur eine strenge Ahnenforschung der biologischen Vorfahren zu betreiben. Die eingeheirateten Linien, sowie deren Vorfahren und Nachfahren, sind f\u00fcr mich ebenso interessant wie die eigenen Urahnen. Auch sind die ausge\u00fcbten Berufe und T\u00e4tigkeiten der einzelnen Personen soweit wie m\u00f6glich mit eingearbeitet. <\/span><\/h5>\n<h5 style=\"text-align: left;\" align=\"center\"><\/h5>\n<h5 class=\"western\"><\/h5>\n<p>&nbsp;<\/p>\n<p>&nbsp;<\/p>\n","protected":false},"excerpt":{"rendered":"<p>Diese Frage stellt sich wohl jeder irgendwann. Vor einigen Jahren begann ich die umfangreichen Familienunterlagen meines Gro\u00dfvaters \u2013 m\u00fctterlicherseits &#8211; durchzuschauen und stellte fest, das es eine Sammlung von ca. 200 Kirchenbuch-Ausz\u00fcgen seiner Vorfahren, mehreren umfangreichen Familienzusammenstellungen und Ahnenp\u00e4sse war. Mein Gro\u00dfvater hatte bereits in den 1920er Jahren mit diesen Aufzeichnungen begonnen. Die letzten handschriftlichen [&hellip;]<\/p>\n","protected":false},"author":1,"featured_media":0,"parent":0,"menu_order":0,"comment_status":"closed","ping_status":"closed","template":"","meta":[],"_links":{"self":[{"href":"https:\/\/www.familienforschung-hein.de\/index.php\/wp-json\/wp\/v2\/pages\/509"}],"collection":[{"href":"https:\/\/www.familienforschung-hein.de\/index.php\/wp-json\/wp\/v2\/pages"}],"about":[{"href":"https:\/\/www.familienforschung-hein.de\/index.php\/wp-json\/wp\/v2\/types\/page"}],"author":[{"embeddable":true,"href":"https:\/\/www.familienforschung-hein.de\/index.php\/wp-json\/wp\/v2\/users\/1"}],"replies":[{"embeddable":true,"href":"https:\/\/www.familienforschung-hein.de\/index.php\/wp-json\/wp\/v2\/comments?post=509"}],"version-history":[{"count":18,"href":"https:\/\/www.familienforschung-hein.de\/index.php\/wp-json\/wp\/v2\/pages\/509\/revisions"}],"predecessor-version":[{"id":1041,"href":"https:\/\/www.familienforschung-hein.de\/index.php\/wp-json\/wp\/v2\/pages\/509\/revisions\/1041"}],"wp:attachment":[{"href":"https:\/\/www.familienforschung-hein.de\/index.php\/wp-json\/wp\/v2\/media?parent=509"}],"curies":[{"name":"wp","href":"https:\/\/api.w.org\/{rel}","templated":true}]}}