{"id":997,"date":"2017-10-18T07:16:59","date_gmt":"2017-10-18T07:16:59","guid":{"rendered":"http:\/\/www.familienforschung-hein.de\/?page_id=997"},"modified":"2022-04-01T09:37:06","modified_gmt":"2022-04-01T09:37:06","slug":"familie-rettkowski","status":"publish","type":"page","link":"https:\/\/www.familienforschung-hein.de\/index.php\/familien-aus-ostpreussen\/familie-rettkowski\/","title":{"rendered":"Familie Rettkowski"},"content":{"rendered":"<p>Die Familie Rettkowski kommt \u00fcber meine Urgro\u00dfmutter Wilhelmine, Henriette in den Familienstammbaum. August Koslowski heiratete 1892 in Langgut die Wilhelmine, Henriette Rettkowski aus Thomareinen. Ihre Familie war in Thierberg und Osterode\/OPR ans\u00e4ssig. Auch hier existieren sehr viele Personendaten und ganze Stammb\u00e4ume, die sich aber bisher noch nicht verkn\u00fcpfen lassen.<\/p>\n<p>Zu den Vorfahren der Familie Rettkowski geh\u00f6ren die Familien Weichert und Grzybowski.<\/p>\n<p>Zu den Nachkommen geh\u00f6ren die Familien<br \/>\n<a href=\"http:\/\/www.familienforschung-hein.de\/index.php\/familien-aus-ostpreussen\/tybussek\/\" target=\"_blank\" rel=\"noopener noreferrer\">Tybussek<\/a>, Balzer,\u00a0 Jakowski und Preu\u00df.<\/p>\n<p>&nbsp;<\/p>\n<p><a href=\"http:\/\/www.familienforschung-hein.de\/wp-content\/uploads\/2018\/10\/Nachkommen-von-Christoph-Rettkowski.pdf\">Nachkommen von Christoph Rettkowski<\/a><\/p>\n","protected":false},"excerpt":{"rendered":"<p>Die Familie Rettkowski kommt \u00fcber meine Urgro\u00dfmutter Wilhelmine, Henriette in den Familienstammbaum. August Koslowski heiratete 1892 in Langgut die Wilhelmine, Henriette Rettkowski aus Thomareinen. Ihre Familie war in Thierberg und Osterode\/OPR ans\u00e4ssig. Auch hier existieren sehr viele Personendaten und ganze Stammb\u00e4ume, die sich aber bisher noch nicht verkn\u00fcpfen lassen. Zu den Vorfahren der Familie Rettkowski [&hellip;]<\/p>\n","protected":false},"author":2,"featured_media":0,"parent":655,"menu_order":0,"comment_status":"closed","ping_status":"closed","template":"","meta":[],"_links":{"self":[{"href":"https:\/\/www.familienforschung-hein.de\/index.php\/wp-json\/wp\/v2\/pages\/997"}],"collection":[{"href":"https:\/\/www.familienforschung-hein.de\/index.php\/wp-json\/wp\/v2\/pages"}],"about":[{"href":"https:\/\/www.familienforschung-hein.de\/index.php\/wp-json\/wp\/v2\/types\/page"}],"author":[{"embeddable":true,"href":"https:\/\/www.familienforschung-hein.de\/index.php\/wp-json\/wp\/v2\/users\/2"}],"replies":[{"embeddable":true,"href":"https:\/\/www.familienforschung-hein.de\/index.php\/wp-json\/wp\/v2\/comments?post=997"}],"version-history":[{"count":8,"href":"https:\/\/www.familienforschung-hein.de\/index.php\/wp-json\/wp\/v2\/pages\/997\/revisions"}],"predecessor-version":[{"id":1563,"href":"https:\/\/www.familienforschung-hein.de\/index.php\/wp-json\/wp\/v2\/pages\/997\/revisions\/1563"}],"up":[{"embeddable":true,"href":"https:\/\/www.familienforschung-hein.de\/index.php\/wp-json\/wp\/v2\/pages\/655"}],"wp:attachment":[{"href":"https:\/\/www.familienforschung-hein.de\/index.php\/wp-json\/wp\/v2\/media?parent=997"}],"curies":[{"name":"wp","href":"https:\/\/api.w.org\/{rel}","templated":true}]}}